00221 (base 3) to base 7.
-2244631
What is 20020220000000 (base 3) in base 13?
8c510a
What is 1002101130001 (base 4) in base 16?
1091701
-10716a (base 16) to base 15
-16445a
202001121002 (base 3) to base 12
17059b
Convert -101221200112220 (base 3) to base 7.
-100316646
111100001011001001 (base 2) to base 8
741311
Convert -28721 (base 11) to base 13.
-15756
What is 1b56ba5 (base 12) in base 10?
5838893
Convert -10001001100110000110 (base 2) to base 13.
-1696b1
10011110100000001010101 (base 2) to base 12
18a5819
What is 11010011110110110001 (base 2) in base 11?
542a64
Convert -1102221111 (base 3) to base 9.
-42844
301102 (base 12) to base 9
1360512
Convert 261610 (base 8) to base 7.
526232
873533 (base 10) to base 7
10265513
Convert 1048dce (base 15) to base 8.
54255514
-391839 (base 10) to base 14
-a2b27
11130032232 (base 4) to base 16
15c3ae
What is -111100010111111110011 (base 2) in base 16?
-1e2ff3
90ad (base 16) to base 8
110255
What is -361743 (base 8) in base 9?
-207828
What is -7424632 (base 8) in base 11?
-1130168
Convert -9001db (base 14) to base 5.
-2214401210
Convert c9f69 (base 16) to base 8.
3117551
2659 (base 15) to base 9
12203
What is 1156360 (base 7) in base 15?
2e0dd
Convert 3012223032 (base 4) to base 15.
1111b9
What is -1512154 (base 6) in base 10?
-87334
What is -3a86d (base 15) in base 12?
-90634
-53880c (base 13) to base 10
-1961088
27600a5 (base 13) to base 12
41b1ab6
What is -10002200011122 (base 3) in base 13?
-458825
Convert -1878bab (base 13) to base 7.
-125066114
What is -31001023 (base 4) in base 6?
-1050511
Convert -2174411 (base 11) to base 2.
-1110100010110010000000
-1101110111010110101 (base 2) to base 11
-290383
Convert -c1d51 (base 14) to base 8.
-1616663
-42400210 (base 6) to base 9
-2305686
What is 5b2316 (base 12) in base 16?
168642
What is -620406 (base 8) in base 6?
-4221210
What is -111100110001010 (base 2) in base 14?
-b4a6
Convert -1001010100010110111 (base 2) to base 7.
-2411122
499aa (base 12) to base 13
36634
462969 (base 13) to base 12
682150
10110011100000101101101 (base 2) to base 8
26340555
What is -1031301002 (base 4) in base 9?
-534842
What is -c6d2a4 (base 15) in base 11?
-5381a93
What is 1110100100010100111110 (base 2) in base 11?
217914a
Convert 12310123 (base 5) to base 8.
351165
Convert -1031210112 (base 4) to base 8.
-1154426
What is 2423a1 (base 14) in base 4?
10231221021
Convert 13b63a (base 14) to base 16.
a71c4
What is 2013233 (base 4) in base 11?
6588
-55454a (base 16) to base 8
-25242512
2437050 (base 12) to base 5
3300313120
Convert 283870 (base 9) to base 7.
1321533
Convert 1340444 (base 6) to base 14.
1d656
What is -125411 (base 12) in base 8?
-1111015
Convert -cb6408 (base 15) to base 14.
-140376d
Convert -49527 (base 10) to base 2.
-1100000101110111
What is 132730 (base 9) in base 7?
454344
Convert -1af923 (base 16) to base 13.
-49b7b1
1111121201102 (base 3) to base 5
201041013
Convert -1112201110102 (base 3) to base 11.
-510a76
Convert 2045441 (base 7) to base 8.
742072
Convert -725412 (base 8) to base 12.
-b714a
Convert 223312302232 (base 4) to base 9.
23562354
1514133 (base 6) to base 8
253311
-111010010101011100 (base 2) to base 8
-722534
What is -51125355 (base 6) in base 2?
-101100011111100000111
What is -1111012201 (base 3) in base 4?
-13022002
-12034 (base 10) to base 11
-9050
12361d (base 14) to base 7
5206336
5012698 (base 11) to base 16
876fa5
Convert -b89374 (base 15) to base 5.
-4222224114
Convert 64751104 (base 8) to base 2.
110100111101001001000100
What is 300233332 (base 4) in base 8?
605776
What is 12235102 (base 6) in base 13?
10a32a
-12d3d (base 16) to base 3
-10220210012
Convert 14202124 (base 7) to base 14.
268214
What is 39184 (base 10) in base 14?
103cc
What is 332131332 (base 4) in base 9?
428880
What is -2c328 (base 13) in base 16?
-1483b
What is -1405342521 (base 6) in base 16?
-1044b11
Convert 33233213313 (base 4) to base 12.
1470533
Convert -100001011010110001001010 (base 2) to base 4.
-201122301022
Convert 14467 (base 11) to base 6.
235002
What is -6896354 (base 10) in base 13?
-1575caa
Convert 26451a2 (base 13) to base 3.
211121000101020
418c7 (base 13) to base 15
24e3b
What is 10102201212022 (base 3) in base 6?
103042312
Convert -286080a (base 12) to base 5.
-4032310302
What is 521b7 (base 13) in base 10?
147518
Convert -239452 (base 10) to base 16.
-3a75c
-103543433 (base 6) to base 4
-13013030031
-5062342 (base 7) to base 13
-181912
101101111100101111000011 (base 2) to base 15
10cde6b
429c1b (base 13) to base 16
17ddd7
What is -12020222102 (base 3) in base 16?
-1944e
Convert -4e8e6 (base 16) to base 5.
-40244031
61720 (base 12) to base 11
87605
What is 100100100110100001010011 (base 2) in base 5?
4424014323
Convert -1870622 (base 10) to base 7.
-21620465
What is -10001010010 (base 3) in base 15?
-12b0c
212110031 (base 4) to base 9
258248
Convert -10111111110000 (base 2) to base 6.
-132452
31200423 (base 6) to base 8
3342037
519051 (base 12) to base 8
4704775
-11121311103 (base 5) to base 11
-6a35793
Convert 750675 (base 13) to base 10.
2742966
Convert 183028 (base 13) to base 6.
20555234
Convert 100210222222110 (base 3) to base 9.
10728873
What is -11b000 (base 13) in base 6?
-13031021
Convert 5863449 (base 11) to base 4.
213003221331
Convert -40a29b (base 12) to base 4.
-3313110113
What is 15305 (base 14) in base 11?
36686
230222020 (base 4) to base 8
545210
What is 4825 (base 9) in base 8?
7003
-91066 (base 12) to base 5
-22012210
653720 (base 15) to base 7
55656462
What is -221241133 (base 6) in base 3?
-21111112211010
Convert 229a0 (base 11) to base 10.
33143
What is 121201110221111 (base 3) in base 4?
201321203011
Convert 106901 (base 11) to base 3.
22122101000
-2130012323 (base 4) to base 7
-5302124
Convert 90bb91 (base 16) to base 10.
9485201
-4a4887 (base 13) to base 7
-21065342
100100111010111100101 (base 2) to base 3
2021110120111
Convert 77380 (base 11) to base 15.
233da
68275 (base 10) to base 16
10ab3
What is -20622103 (base 7) in base 14?
-33903a
-1da57 (base 15) to base 9
-156741
Convert 25103121 (base 8) to base 13.
11bc475
Convert -113103022 (base 4) to base 10.
-95434
Convert -21220200201 (base 3) to base 12.
-7619a
What is -5403232 (base 6) in base 3?
-111110200102
Convert 2677657 (base 9) to base 4.
11212211020
Convert 1034576 (base 8) to base 12.
11427a
What is -3f055 (base 16) in base 15?
-5173d
What is 196316 (base 10) in base 6?
4112512
Convert 650266 (base 7) to base 8.
334541
What is 859 (base 11) in base 9?
1366
-21020101001211 (base 3) to base 16
-3aad94
Convert 1020124034 (base 5) to base 7.
23654023
What is -8a171 (base 12) in base 11?
-115875
What is 23543025 (base 6) in base 2?
10110101110001111001
Convert 1307a4 (base 14) to base 7.
5364264
Convert bbc42 (base 16) to base 8.
2736102
What is -131210113100 (base 4) in base 14?
-105aa76
What is -2126510 (base 8) in base 11?
-359263
-59a61 (base 12) to base 10
-120745
-52abb (base 13) to base 12
-72303
10332021 (base 6) to base 5
34320342
What is 5367223 (base 8) in base 15?
1d5d21
-85425 (base 10) to base 3
-11100011220
16a80b (base 15) to base 14
208578
2445505 (base 6) to base 13
47747
What is -53d50 (base 14) in base 8?
-614262
Convert 12101110 (base 6) to base 2.
1011101000101100010
What is 11000010010101110 (base 2) in base 3?
12001111021
Convert 202200000210 (base 3) to base 10.
406803
1164542 (base 7) to base 4
210233231
2688148 (base 10) to base 16
290494
Convert -35003777 (base 8) to base 9.
-15270026
44ab (base 12) to base 14
2ac3
Convert -100044334 (base 5) to base 12.
-16ba1b
What is -279238 (base 11) in base 8?
-1525163
What is 11001100101010100110111 (base 2) in base 11?
3870757
Convert 11001100001111111 (base 2) to base 10.
104575
Convert c096b (base 13) to base 8.
1240426
What is -1c52b4c (base 13) in base 9?
-18664455
100021220 (base 4) to base 10
66152
What is 5a242 (base 16) in base 10?
369218
What is -202220011 (base 4) in base 12?
-6a0b1
Convert 1043240 (base 12) to base 14.
5a05d6
Convert -2c49ba (base 14) to base 7.
-16112423
Convert -120102211121 (base 3) to base 14.
-7ca54
Convert 74364 (base 14) to base 13.
9a91b
250550350 (base 6) to base 9
10032363
What is -332175 (base 14) in base 3?
-10021010022000
b3a9c (base 16) to base 13
1c9c